r when 3/5 - -188*(-24)/(-30) is divided by 19.
18
Suppose 4 = -3*q + 7. Let y be -11*((1 - q) + 2). Let o = 39 + y. Calculate the remainder when 33 is divided by o.
16
Let w be (-1124)/(-28) - (-2)/(-14). Suppose 0 = 5*z + w - 310. What is the remainder when z is divided by 14?
12
Let u(p) = -8*p + 6. What is the remainder when 42 is divided by u(-2)?
20
Suppose -2*h + 3 = a, 4*h - 6 - 3 = -3*a. Calculate the remainder when 18 is divided by (-9)/(h + -1) + 1.
8
Suppose 0 = -6*r + 2*r + 12. Let w be 1/(r - (-16)/(-5)). Let c = w - -11. What is the remainder when 16 is divided by c?
4
Suppose -p - 10 = -3*w, -2*p + 24 = -0*w + 5*w. Let s = -4 - -1. Calculate the remainder when 1*s/((-3)/10) is divided by w.
2
Suppose -5*m = -2*m - 72. Suppose 4*r + 2*d - m = 0, -d = -3*r + 4*r - 4. What is the remainder when 1*23/(-2)*-2 is divided by r?
7
Let z(w) = -w**3 + 2*w + 1. Let q be z(-2). What is the remainder when 14 is divided by 18/q - (-2)/5?
2
Let r = 15 - -3. Let l = 246 + -176. Calculate the remainder when l is divided by r.
16
Suppose 5*b = -4*l + 99, 12 = l - 3*b - 0*b. Calculate the remainder when 62 is divided by l.
20
Let d = -25 - -133. What is the remainder when d is divided by 57?
51
Suppose 0 = s + 1 - 3. What is the remainder when s/(-8) + 113/4 is divided by 15?
13
Suppose 0*a + 3*a - 186 = 0. Let m = 101 - 85. What is the remainder when a is divided by m?
14
Suppose s - 33 = -2*s. Let o(y) = -35*y + 1. Let b be o(-1). Let n = 56 - b. What is the remainder when n is divided by s?
9
Let b = 2 + 2. Suppose -q + 3*w = w - 5, q - 35 = -b*w. Calculate the remainder when (-52)/(-2) - 8/(-4) is divided by q.
13
Let m(d) = d**2 + 9*d - 13. Let l be m(-10). Calculate the remainder when (l/9)/(1/(-87)) is divided by 10.
9
Suppose 7*d - 2 - 173 = 0. What is the remainder when d is divided by 13?
12
Calculate the remainder when 6/4*-1*1818/(-27) is divided by 34.
33
Suppose 5 + 70 = -5*m. What is the remainder when 50 is divided by (0 + -3)/(m/130)?
24
Let w = 21 + 18. What is the remainder when w is divided by 10?
9
Let g(k) be the second derivative of -k**3/3 + k**2 - 13*k. Let w be 3/6 + (-9)/2. What is the remainder when 28 is divided by g(w)?
8
Suppose 28 = 4*i - 2*b - 10, 0 = 3*i + 5*b - 61. What is the remainder when i is divided by 11?
1
Let x(j) = 4*j**3 - j**2 + j - 1. Let u be x(1). Let n = u - -7. Suppose 2*b - 3*c + 2*c = 34, 2*b - 18 = 5*c. What is the remainder when b is divided by n?
9
What is the remainder when (-2)/(-11) - 1083/(-33) is divided by 12?
9
Let y = 1 + -3. What is the remainder when 32 is divided by (-51)/y*(-4)/(-6)?
15
Let q = 7 + -5. Suppose 4*d + 4*r - 3*r = 631, -d = -q*r - 169. Suppose 0 = -n - 2*n + d. What is the remainder when n is divided by 14?
11
Let t = -5 - -6. Suppose t - 3 = -o. Suppose o*q - 3*q + 32 = 0. What is the remainder when q is divided by 11?
10
Let c(n) = -n + 11. Calculate the remainder when 9 is divided by c(5).
3
Suppose 5*j - 91 = 4*r, -j + 64 = 3*j - r. Suppose 4*z + 22 = k, 3*k - 4*z + z - 30 = 0. Calculate the remainder when j is divided by k.
3
Let o(y) = -y**2 + 5*y - 4. Let c(g) be the first derivative of -g**2/2 + 9*g + 3. What is the remainder when o(3) is divided by c(7)?
0
Let y(m) = -m**3 + 6*m**2 + 8*m + 2. What is the remainder when 34 is divided by y(7)?
7
Suppose 3*z - 41 = -4*d, -29 = z - 3*z - 3*d. Calculate the remainder when z is divided by 2.
1
Suppose -3*k + 4*h + 68 = -0*k, -5*k + 65 = 3*h. What is the remainder when k is divided by (-6)/(-3 + -1 - -3)?
4
Let s = -11 + 31. Calculate the remainder when 43 is divided by (9/12)/(1/s).
13
Suppose 32 = 2*w + m - 5*m, -5*w + 5*m = -55. Let n = -150 + 167. Calculate the remainder when n is divided by w.
5
Suppose 344 = 4*v - 3*z, -6*v + 4*z + 258 = -3*v. Calculate the remainder when v is divided by 30.
26
Suppose -5*n - 18 = 2*j, 4*j = -n - 8 - 10. What is the remainder when (39/6)/((-2)/j) is divided by 5?
3
Let t = -6 + 11. Calculate the remainder when 9 is divided by t.
4
Let v(o) = -o**3 - 4*o**2 + 17*o + 1. Calculate the remainder when v(-7) is divided by 8.
5
Suppose -3*s + 23 = -5*y, -2*s + 12 = -6*y + y. Let l = s + -4. Suppose -2*i + 3*i - l = 0. What is the remainder when 20 is divided by i?
6
Let i(v) = -v - 2. Let m be i(-5). Suppose -5*t - 73 = -m*w, -w + t + 37 = w. Calculate the remainder when 284/6 + 3/(-9) is divided by w.
15
Let v(q) = 2*q**2 + 5*q - 4. Let w be v(-6). Suppose -w = -g - 2*b + 4*b, -5*g - 2*b + 130 = 0. Calculate the remainder when (6/4)/(2/g) is divided by 8.
5
Let r(t) = -t**2 + t + 1. Let s(x) = -4*x**2 - 10*x - 6. Let b(i) = -3*r(i) + s(i). What is the remainder when 78 is divided by b(-9)?
24
Suppose -3*t = t - 68. Suppose i = t - 0. What is the remainder when -11*-1*(2 + 1) is divided by i?
16
Suppose -2*c = 2*r - 4*r - 18, -c - 5*r - 15 = 0. Suppose -24 = -2*b + c*q, 3*b = -5*q - 0*q + 11. What is the remainder when b is divided by 4?
3
Let m = 3 - -1. Suppose -m = -2*b, -3*z + 125 = b - 3*b. Suppose 0 = -4*u - 5 + 65. What is the remainder when z is divided by u?
13
Let v = -97 - -147. Let u be (-1)/(-1) - (-4 - 0). Suppose u*k - 43 - 42 = 0. What is the remainder when v is divided by k?
16
What is the remainder when (-442)/(-3) - 46/(-69) is divided by 50?
48
Let s(b) = 5*b**3 + 2*b**2 + 2*b - 2. What is the remainder when s(2) is divided by 17?
16
Suppose 0 = -2*b - 4*y + 13 + 33, -b = -5*y - 51. Let m be ((-14)/5)/(6/30). Let t = 2 - m. Calculate the remainder when b is divided by t.
15
Suppose -6*k + 158 = -184. What is the remainder when k is divided by 12?
9
Let f(d) = -2*d - 11. What is the remainder when -5*(-10 - (0 - 0)) is divided by f(-12)?
11
Let p(u) = 84*u**3 + u**2 - 3*u + 2. What is the remainder when p(1) is divided by 29?
26
Let q(p) = -p**2 + 21*p + 32. Calculate the remainder when q(21) is divided by 11.
10
Let f be -2 + 1*(0 + 2). What is the remainder when 30 is divided by 4/(f - 4/(-8))?
6
Suppose 4*a - 44 = 36. Calculate the remainder when 78 is divided by a.
18
Let i be (4/(-6))/(2/(-354)). Suppose -22 = -3*g - i. Let w = 45 + g. Calculate the remainder when 24 is divided by w.
11
Let c(k) = 4*k + 9. Let g be c(-4). Let a = g + 15. Calculate the remainder when a is divided by 3.
2
Suppose 77 = -42*m + 49*m. Let n(r) = 4*r**2 + 5*r + 5. Let j be n(-5). What is the remainder when ((-6)/(-4))/(6/j) is divided by m?
9
Let b(j) = j**3 - 10*j**2 - 6*j - 2. Calculate the remainder when 158 is divided by b(11).
52
Suppose 1480 = 4*p + 6*p. Calculate the remainder when p is divided by 25.
23
Suppose -f + 1 = 3. What is the remainder when 33 is divided by 51/6 - 1/f?
6
What is the remainder when 20 - 17 - (-48)/2 is divided by 6?
3
Suppose 8*c - 7*c = 7. Calculate the remainder when 32 is divided by c.
4
Suppose 5*y + 11 = 56. Calculate the remainder when 44 is divided by y.
8
Let m = 9 + -7. Suppose 0*l - x - 54 = -m*l, l - 34 = 4*x. Calculate the remainder when 50 is divided by l.
24
Suppose 8*z - 3*z - p = 116, -4 = 4*p. What is the remainder when (72/10)/(2/25) is divided by z?
21
Let m(x) = 3*x**2 + 1. Let h be m(-2). Suppose -2*o + 4 = n, 4*n - 3*o - h = 3. Let y(z) = z**2 - z - 5. Calculate the remainder when y(n) is divided by 4.
3
Let g be 1 + 0 + (-2)/(-1). Suppose 0*j - 3*z = -g*j + 45, 4*z - 84 = -5*j. What is the remainder when 47 is divided by j?
15
Suppose 0 = -5*z + 28 + 32. Calculate the remainder when 38 is divided by z.
2
Let g(i) = -4*i - 5. Calculate the remainder when 36 is divided by g(-6).
17
Suppose 12*k = 95 + 13. Calculate the remainder when 33 is divided by k.
6
Let a(b) = b**3 + 7*b**2 + 5*b - 8. What is the remainder when 75 is divided by a(-5)?
7
Suppose -296 = -13*m + 9*m. Suppose -2*d - m = -4*y, 5*y = -0*d - d + 75. What is the remainder when 29 is divided by y?
13
Suppose -z + 15 = -3*s, -3*z + 5 = -s - 0*s. Suppose z = 3*k - 39 - 15. Let m(h) = h**3 + 6*h**2 - 6*h - 2. Calculate the remainder when m(-5) is divided by k.
17
Let z be 9*1/(5 + -2). Suppose z = 5*f - 57. Suppose 0 = 2*c + f - 44. What is the remainder when 31 is divided by c?
15
Suppose -5*n = -i + 3, 0 = i + n - 7 - 2. Let q(g) = g**2 - g - 6. Suppose 5 = -5*y, x - 4*y + 1 = 2*x. What is the remainder when q(x) is divided by i?
6
Suppose 43*x + 45 = 48*x. Ca